6669 is divided by 19255?
2629
What is the remainder when 323265 is divided by 8978?
57
Calculate the remainder when 838484 is divided by 3468.
2696
What is the remainder when 2214607 is divided by 7533?
7438
Calculate the remainder when 1576748 is divided by 621.
29
Calculate the remainder when 1501014 is divided by 561.
339
Calculate the remainder when 143250 is divided by 23865.
60
Calculate the remainder when 38274908 is divided by 41200.
108
What is the remainder when 43143 is divided by 1797?
15
Calculate the remainder when 1769481 is divided by 22.
21
Calculate the remainder when 30925283 is divided by 306.
5
Calculate the remainder when 1461398 is divided by 18.
14
What is the remainder when 82664943 is divided by 75?
18
Calculate the remainder when 1028625 is divided by 243.
6
What is the remainder when 429065 is divided by 4435?
3305
What is the remainder when 45570052 is divided by 39?
34
What is the remainder when 44010 is divided by 360?
90
Calculate the remainder when 592953360 is divided by 5929.
5928
What is the remainder when 2827832 is divided by 2827827?
5
What is the remainder when 258785 is divided by 64686?
41
What is the remainder when 14752 is divided by 6412?
1928
Calculate the remainder when 146474 is divided by 217.
216
What is the remainder when 118931 is divided by 1607?
13
Calculate the remainder when 249226 is divided by 2227.
2029
What is the remainder when 9987469 is divided by 175217?
100
Calculate the remainder when 1761212 is divided by 5737.
5690
What is the remainder when 6899344 is divided by 1379868?
4
What is the remainder when 607631 is divided by 1566?
23
Calculate the remainder when 15453500 is divided by 15453473.
27
Calculate the remainder when 5039919 is divided by 2920.
2919
What is the remainder when 314820531 is divided by 13?
12
Calculate the remainder when 182379 is divided by 6985.
769
What is the remainder when 76715 is divided by 23711?
5582
Calculate the remainder when 126037 is divided by 125.
37
Calculate the remainder when 2546503 is divided by 46.
35
What is the remainder when 1168253 is divided by 513?
152
What is the remainder when 2849 is divided by 915?
104
Calculate the remainder when 815935 is divided by 25363.
4319
Calculate the remainder when 6133518 is divided by 1533341.
154
Calculate the remainder when 1068693 is divided by 656.
69
Calculate the remainder when 448113 is divided by 90.
3
What is the remainder when 250244 is divided by 131?
34
What is the remainder when 11340857 is divided by 117?
47
What is the remainder when 471986 is divided by 52?
34
Calculate the remainder when 67655037 is divided by 40.
37
Calculate the remainder when 17252573 is divided by 92.
89
What is the remainder when 34640582 is divided by 131?
121
Calculate the remainder when 778601 is divided by 394.
57
Calculate the remainder when 73553439 is divided by 557223.
3
Calculate the remainder when 65726 is divided by 322.
38
Calculate the remainder when 5207047 is divided by 223.
220
Calculate the remainder when 371381 is divided by 1965.
1961
What is the remainder when 1154231 is divided by 288556?
7
What is the remainder when 2036 is divided by 883?
270
Calculate the remainder when 82663647 is divided by 45.
42
Calculate the remainder when 37462 is divided by 1064.
222
What is the remainder when 8568 is divided by 7073?
1495
Calculate the remainder when 61851 is divided by 30851.
149
What is the remainder when 54322 is divided by 49431?
4891
What is the remainder when 212253 is divided by 70737?
42
What is the remainder when 1122096 is divided by 26?
14
What is the remainder when 11789076 is divided by 427?
33
Calculate the remainder when 2191464 is divided by 121748.
0
What is the remainder when 2633140 is divided by 187?
180
What is the remainder when 36643 is divided by 34?
25
Calculate the remainder when 367556 is divided by 72808.
3516
What is the remainder when 15411038 is divided by 68?
62
What is the remainder when 21561690 is divided by 495?
480
What is the remainder when 102046 is divided by 291?
196
What is the remainder when 113977 is divided by 1187?
25
What is the remainder when 120302 is divided by 58807?
2688
Calculate the remainder when 1046299 is divided by 1038.
1033
Calculate the remainder when 5507 is divided by 5436.
71
What is the remainder when 3184798 is divided by 1592384?
30
Calculate the remainder when 41004 is divided by 3622.
1162
Calculate the remainder when 1789504 is divided by 223645.
344
What is the remainder when 27524140 is divided by 26?
20
Calculate the remainder when 254588 is divided by 253649.
939
What is the remainder when 9491 is divided by 519?
149
Calculate the remainder when 7714691 is divided by 13487.
127
What is the remainder when 1395250 is divided by 3731?
3587
Calculate the remainder when 12549618 is divided by 1254960.
18
What is the remainder when 50413782 is divided by 12?
6
Calculate the remainder when 60250 is divided by 356.
86
Calculate the remainder when 48548 is divided by 2204.
60
Calculate the remainder when 44984006 is divided by 31.
30
What is the remainder when 2502259 is divided by 20?
19
Calculate the remainder when 223827 is divided by 44.
43
Calculate the remainder when 3877340 is divided by 1062.
1040
What is the remainder when 825369039 is divided by 610?
609
What is the remainder when 1580515 is divided by 580?
15
Calculate the remainder when 4512264 is divided by 16.
8
What is the remainder when 794042 is divided by 61080?
2
What is the remainder when 183859 is divided by 241?
217
Calculate the remainder when 453734 is divided by 19727.
13
What is the remainder when 3871155 is divided by 1396?
47
What is the remainder when 19677902 is divided by 1336?
1294
Calculate the remainder when 332282 is divided by 588.
62
What is the remainder when 6717968 is divided by 949?
946
What is the remainder when 14043 is divided by 822?
69
Calculate the remainder when 361804 is divided by 815.
759
Calculate the remainder when 6721265 is divided by 115.
90
What is the remainder when 945583 is divided by 335?
213
What is the remainder when 498894 is divided by 45325?
319
What is the remainder when 6225 is divided by 865?
170
Calculate the remainder when 460827 is divided by 369.
315
Calculate the remainder when 193421 is divided by 314.
311
What is the remainder when 3092393 is divided by 2074?
59
Calculate the remainder when 1759040 is divided by 293159.
86
Calculate the remainder when 4809635 is divided by 3885.
5
What is the remainder when 48069 is divided by 174?
45
Calculate the remainder when 24511 is divided by 23478.
1033
What is the remainder when 18844350 is divided by 6281411?
117
What is the remainder when 2505164 is divided by 897?
740
What is the remainder when 1522711 is divided by 128?
23
What is the remainder when 106738957 is divided by 11?
6
Calculate the remainder when 10788 is divided by 845.
648
What is the remainder when 1568384 is divided by 1232?
48
What is the remainder when 1084667 is divided by 1913?
1909
What is the remainder when 24222 is divided by 11988?
246
Calculate the remainder when 2032656 is divided by 423.
141
What is the remainder when 563705 is divided by 16295?
9675
What is the remainder when 688302 is divided by 525?
27
What is the remainder when 212392638 is divided by 1930?
1928
What is the remainder when 10771 is divided by 4678?
1415
What is the remainder when 2714955 is divided by 99?
78
What is the remainder when 1429192 is divided by 11?
6
What is the remainder when 1221102 is divided by 9997?
1468
Calculate the remainder when 14737 is divided by 14306.
431
What is the remainder when 118678 is divided by 9809?
970
Calculate the remainder when 13492705 is divided by 240941.
9
Calculate the remainder when 3878413 is divided by 13420.
33
Calculate the remainder when 27472 is divided by 4265.
1882
What is the remainder when 120643 is divided by 1307?
399
What is the remainder when 1161402 is divided by 736?
730
What is the remainder when 516012 is divided by 6143?
0
Calculate the remainder when 2912593 is divided by 2462.
47
Calculate the remainder when 2235552 is divided by 4218.
12
What is the remainder when 8576560 is divided by 63?
55
What is the remainder when 437629075 is divided by 19